e 11, what is 52 - -3?
55
In base 9, what is -3487 - 2?
-3500
In base 3, what is 2 + -220011?
-220002
In base 7, what is 26 - -2?
31
In base 8, what is -13273 + 0?
-13273
In base 16, what is 2 + -4?
-2
In base 11, what is -4 + 2430?
2427
In base 4, what is 323 - 12033?
-11110
In base 10, what is 1 - 7?
-6
In base 11, what is a73 - -3?
a76
In base 8, what is 40 - 7?
31
In base 9, what is 2 + -65?
-63
In base 11, what is -15 - 290?
-2a5
In base 10, what is -8 + -106?
-114
In base 5, what is -243 - -324?
31
In base 10, what is -185 + 8?
-177
In base 4, what is 21 - 2112?
-2031
In base 3, what is 2001 - -2202?
11210
In base 8, what is 1462 - -37?
1521
In base 2, what is -1101011010 + 1110?
-1101001100
In base 14, what is -17 + -3?
-1a
In base 2, what is -100 - 101101?
-110001
In base 11, what is -5 - 2?
-7
In base 5, what is 2113 - -111?
2224
In base 16, what is -5 + -280?
-285
In base 10, what is 37 + -45?
-8
In base 16, what is -17f - 3?
-182
In base 5, what is -3 - 103?
-111
In base 2, what is -1011001 + 1?
-1011000
In base 13, what is -5 + -47?
-4c
In base 13, what is -1c7 - -4?
-1c3
In base 5, what is 40 - 3?
32
In base 15, what is 3 + -387?
-384
In base 11, what is -18355 - 1?
-18356
In base 4, what is -1123 + 102?
-1021
In base 3, what is 220 + -1222?
-1002
In base 13, what is -c2 + -3?
-c5
In base 13, what is 41 + -19?
25
In base 8, what is -1272 - -5?
-1265
In base 5, what is -3 - -212223?
212220
In base 2, what is -110 - 1001001001?
-1001001111
In base 9, what is 2266 - 16?
2250
In base 16, what is 6 - -26?
2c
In base 9, what is -20 + -75?
-105
In base 13, what is 137 - -4?
13b
In base 6, what is 5 - -1?
10
In base 12, what is -7b08 + 5?
-7b03
In base 9, what is -100 - -18?
-71
In base 11, what is -141 - 8?
-149
In base 2, what is 101110011 - -100?
101110111
In base 9, what is 33 - 1?
32
In base 10, what is -4 + -19?
-23
In base 11, what is -956 - -2?
-954
In base 5, what is 40432 - -10?
40442
In base 4, what is -11 - -120?
103
In base 5, what is 23 - 241?
-213
In base 14, what is 27 - -9?
32
In base 2, what is 10110 + -11100110010?
-11100011100
In base 5, what is 21013 - 0?
21013
In base 14, what is 5 + -184?
-17d
In base 4, what is 3 + -211310?
-211301
In base 14, what is a - 1c?
-12
In base 9, what is -26 + -24?
-51
In base 8, what is 1273 + -3?
1270
In base 3, what is 122 - 100?
22
In base 15, what is 2 + 27?
29
In base 12, what is 3 + -12?
-b
In base 4, what is 1 - -322?
323
In base 7, what is 2206 + -4?
2202
In base 2, what is -100 + -100000110010?
-100000110110
In base 12, what is -5 - -6a?
65
In base 3, what is 10020 + -10?
10010
In base 6, what is -1435 - 44?
-1523
In base 6, what is -4 + -2101?
-2105
In base 9, what is 130 + 55?
185
In base 9, what is 74 - -10?
84
In base 16, what is 11 + e?
1f
In base 14, what is -1b62 + 4?
-1b5c
In base 16, what is -20 + 3?
-1d
In base 2, what is -100 - 10011011?
-10011111
In base 7, what is -3 + 1226?
1223
In base 12, what is 3a - 2?
38
In base 9, what is -6 - 5?
-12
In base 12, what is -26 + -9?
-33
In base 6, what is 43 + -302?
-215
In base 5, what is -334420 - -4?
-334411
In base 13, what is -859 + -1?
-85a
In base 4, what is 21031 - -2?
21033
In base 5, what is 411 - -3?
414
In base 9, what is -285 - 10?
-305
In base 16, what is -277 + -3?
-27a
In base 4, what is 1 + -130?
-123
In base 16, what is 14 + -2?
12
In base 14, what is 145 - -3a?
181
In base 11, what is 5 + -92?
-88
In base 6, what is 1 + -101?
-100
In base 2, what is -10000 - 1100110011?
-1101000011
In base 15, what is -5 - -49?
44
In base 9, what is 11 + 167?
178
In base 12, what is -a - -101?
b3
In base 2, what is 100011010001 + -110?
100011001011
In base 4, what is -222 + 1030?
202
In base 5, what is -1240 + 1?
-1234
In base 10, what is -2 - 473?
-475
In base 16, what is 35 - 7?
2e
In base 2, what is 10010011 - 101?
10001110
In base 16, what is 381 + -6?
37b
In base 14, what is a - 37?
-2b
In base 3, what is 12111 - -1?
12112
In base 14, what is -69 + -6?
-71
In base 5, what is -4 - 133?
-142
In base 8, what is 1 - 3?
-2
In base 4, what is -11110 + 11?
-11033
In base 10, what is -330 + 9?
-321
In base 6, what is 322 - -12?
334
In base 3, what is 2211 - 12002?
-2021
In base 6, what is -110132 - 2?
-110134
In base 14, what is 2895 - -3?
2898
In base 5, what is 203 + 0?
203
In base 3, what is -1 - 1122?
-1200
In base 16, what is -65 - 50?
-b5
In base 16, what is -6e - 3?
-71
In base 11, what is 1 - 0?
1
In base 16, what is 18 + -164?
-14c
In base 2, what is 1100 - -100?
10000
In base 16, what is 5 - -10?
15
In base 11, what is -67 + -77?
-133
In base 4, what is 0 + 13?
13
In base 9, what is -8486 - -2?
-8484
In base 14, what is -83 + 68?
-19
In base 5, what is 0 - 2404?
-2404
In base 8, what is 47 - -277?
346
In base 7, what is -22 - -2?
-20
In base 9, what is 168 - 4?
164
In base 12, what is -37 - 1?
-38
In base 16, what is -3e + -7?
-45
In base 10, what is 615 + -1?
614
In base 15, what is -5 - 6d6?
-6db
In base 3, what is -10021010 + 101?
-10020202
In base 14, what is 68 - -3a?
a4
In base 8, what is -5 - -66?
61
In base 8, what is 13 - 610?
-575
In base 14, what is -3 - 17?
-1a
In base 3, what is -11 + 211122?
211111
In base 10, what is -36 - -9?
-27
In base 5, what is 4 + -1321?
-1312
In base 13, what is -b - 45b?
-469
In base 13, what is 4a - 299?
-24c
In base 6, what is 114 + -300?
-142
In base 9, what is -1688 + -2?
-1701
In base 16, what is -2a + c?
-1e
In base 14, what is -403 - 2?
-405
In base 5, what is 0 + 130?
130
In base 11, what is 35 - -2?
37
In base 12, what is -5 - -11?
8
In base 11, what is -504 + -2?
-506
In base 5, what is 340 - -3?
343
In base 14, what is -10 - -7?
-7
In base 4, what is 3 + -11023?
-11020
In base 16, what is -112 + 4?
-10e
In base 12, what is 5 - -336?
33b
In base 6, what is -122503 + -3?
-122510
In base 2, what is -11110000 + -1000?
-11111000
In base 12, what is 3 + -179?
-176
In base 10, what is 33 + 45?
78
In base 16, what is -21 - -17?
-a
In base 15, what is -8 - -a?
2
In base 2, what is -1011 + 1001011?
1000000
In base 3, what is 200001111 + 2?
200001120
In base 7, what is 142 - 3?
136
In base 16, what is -2bbe - 0?
-2bbe
In base 11, what is 5 + 152?
157
In base 11, what is -2 - -14?
12
In base 5, what is -21 + -302?
-323
In base 3, what is -200 + -12102?
-20002
In base 9, what is 2202 + -5?
2186
In base 13, what is -29c - 1?
-2a0
In base 6, what is 312 + 115?
431
In base 4, what is 321 - 212?
103
In base 7, what is -3351 + -5?
-3356
In base 3, what is 11 - -21?
102
In base 12, what is 6 - 20?
-16
In base 8, what is -3 + -107?
-112
In base 7, what is 6236 - -4?
6243
In base 14, what is -1785 + -1?
-1786
In base 7, what is 5 - -116?
124
In base 15, what is -b6d - -8?
-b65
In base 2, what is 10 - 11101?
-11011
In base 7, what is -5163 + -5?
-5201
In base 4, what is -13211 - 2?
-13213
In base 13, what is 9c - -173?
242
In base 12, what is -39 - -5?
-34
In base 6, what is -52 - 2?
-54
In base 15, what is 5 - 8?
-3
In base 14, what is 5 - -53?
58
In base 8, what is -324 + 4?
-320
In base 2, what is 10011010111 - 111?
10011010000
In base 4, what is 11 + 300222?
300233
In base 6, what is 2 - -1400?
1402
In base 5, what is -301 - 3?
-304
In base 2, what is 11011 - 1?
11010
In base 8, what is 14 - 1755?
-1741
In base 14, what is -3d + -a?
-49
In base 16, what is 13 + 2?
15
In base 14, what is ca0 - 1?
c9d
In base 11, what is -4 + -720?
-724
In base 3, what is 101 - 2?
22
In base 16, what is -1bd3 + -2?
-1bd5
In base 5, what is -112 + -40?
-202
In base 4, what is 3 + 103102?
103111
In base 8, what is -3 + -4272?
-4275
In base 12, what is -134 + 33?
-101
In base 8, what is -3 - -5410?
5405
In base 9, what is -1 - -14?
13
In base 7, what is -144 + 11?
-133
In base 5, what is -12232 - -2?
-12230
In base 15, what is -3 - -21c?
219
In base 10, what is 1 + 2022?
2023
In base 6, what is -1030 - 1?
-1031
In base 8, what is 0 - 51?
-51
In base 14, what is -1ac - -3?
-1a9
In base 16, what is -60 - -89?
29
In base 4, what is -2012 - -32?
-1320
In base 2, what is 111 - -100011110?
100100101
In base 7, what is -2111 - 0?
-2111
In base 4, what is -2113301 + -10?
-2113311
In base 10, what is 60 - -2?
62
In base 4, what is -1300 - -1233?
-1
In base 8, what is -176 - -17?
-157
In base 13, what is -8 - 5?
